git of 631071423?
1
What is the hundred thousands digit of 671899765?
8
What is the ten thousands digit of 170195575?
9
What is the hundred millions digit of 860366865?
8
What is the billions digit of 5688846930?
5
What is the ten thousands digit of 477324763?
2
What is the units digit of 7831258?
8
What is the millions digit of 73977411?
3
What is the ten thousands digit of 185993641?
9
What is the hundreds digit of 2501658233?
2
What is the thousands digit of 35863114?
3
What is the units digit of 96500941?
1
What is the millions digit of 106703455?
6
What is the ten thousands digit of 24390066?
9
What is the millions digit of 30526055?
0
What is the hundred millions digit of 2290048595?
2
What is the hundred millions digit of 100363284?
1
What is the millions digit of 1490232413?
0
What is the ten thousands digit of 212928156?
2
What is the tens digit of 866344931?
3
What is the thousands digit of 53552550?
2
What is the units digit of 102023782?
2
What is the hundred thousands digit of 540286626?
2
What is the hundreds digit of 351164933?
9
What is the hundred millions digit of 1963899773?
9
What is the ten thousands digit of 7005534942?
3
What is the hundreds digit of 40344441?
4
What is the ten millions digit of 32539727?
3
What is the ten thousands digit of 6826428?
2
What is the billions digit of 1093801533?
1
What is the millions digit of 2770514313?
0
What is the hundred thousands digit of 38408558?
4
What is the thousands digit of 46159146?
9
What is the hundred thousands digit of 73788088?
7
What is the hundred millions digit of 4878735675?
8
What is the hundred thousands digit of 66419154?
4
What is the ten thousands digit of 42231616?
3
What is the hundreds digit of 24627040?
0
What is the tens digit of 894306002?
0
What is the units digit of 1218199849?
9
What is the ten millions digit of 95773274?
9
What is the hundreds digit of 22255617?
6
What is the millions digit of 41931019?
1
What is the tens digit of 1425335656?
5
What is the thousands digit of 918882583?
2
What is the units digit of 2848783295?
5
What is the millions digit of 1053449495?
3
What is the units digit of 5279024?
4
What is the thousands digit of 40247387?
7
What is the thousands digit of 3001300428?
0
What is the tens digit of 817686220?
2
What is the ten thousands digit of 4005201528?
0
What is the ten thousands digit of 2001642597?
4
What is the hundred millions digit of 253832189?
2
What is the hundred millions digit of 1313190900?
3
What is the millions digit of 128133538?
8
What is the ten thousands digit of 141598?
4
What is the hundred millions digit of 151313602?
1
What is the hundred millions digit of 1545784616?
5
What is the ten thousands digit of 57611926?
1
What is the tens digit of 1072609087?
8
What is the hundred thousands digit of 194113292?
1
What is the hundred millions digit of 338780707?
3
What is the hundreds digit of 165775202?
2
What is the units digit of 91592078?
8
What is the units digit of 18308639?
9
What is the ten thousands digit of 1286293696?
9
What is the thousands digit of 528967062?
7
What is the ten thousands digit of 934595448?
9
What is the millions digit of 2252564784?
2
What is the hundred millions digit of 677955886?
6
What is the hundreds digit of 139208041?
0
What is the units digit of 1738036405?
5
What is the ten millions digit of 288134495?
8
What is the thousands digit of 52798465?
8
What is the ten millions digit of 86174927?
8
What is the hundred thousands digit of 71157177?
1
What is the hundred thousands digit of 6933992738?
9
What is the hundreds digit of 556805982?
9
What is the hundred millions digit of 129547639?
1
What is the thousands digit of 632665766?
5
What is the ten thousands digit of 3214163792?
6
What is the units digit of 744429842?
2
What is the millions digit of 41804608?
1
What is the ten millions digit of 1110099040?
1
What is the millions digit of 2701365?
2
What is the ten millions digit of 59146438?
5
What is the billions digit of 1498321029?
1
What is the tens digit of 32776619?
1
What is the ten thousands digit of 786997277?
9
What is the hundred millions digit of 6513873207?
5
What is the billions digit of 1644285350?
1
What is the tens digit of 51439168?
6
What is the tens digit of 265710921?
2
What is the hundred thousands digit of 2892828?
8
What is the thousands digit of 240751335?
1
What is the ten thousands digit of 1052202039?
0
What is the hundreds digit of 34455142?
1
What is the units digit of 457769021?
1
What is the units digit of 2308680986?
6
What is the millions digit of 339881325?
9
What is the thousands digit of 7659364?
9
What is the ten millions digit of 662912138?
6
What is the hundred millions digit of 205465002?
2
What is the ten thousands digit of 3172003893?
0
What is the ten millions digit of 44725433?
4
What is the units digit of 95459369?
9
What is the hundred thousands digit of 200346851?
3
What is the hundred thousands digit of 76345444?
3
What is the thousands digit of 5260192?
0
What is the hundred millions digit of 201792441?
2
What is the hundred thousands digit of 4465197711?
1
What is the tens digit of 84412128?
2
What is the hundred thousands digit of 150123348?
1
What is the hundreds digit of 122442198?
1
What is the hundreds digit of 4886503809?
8
What is the thousands digit of 219844659?
4
What is the hundred thousands digit of 956794080?
7
What is the hundred thousands digit of 124806400?
8
What is the tens digit of 2955734497?
9
What is the millions digit of 49607721?
9
What is the hundreds digit of 3172966670?
6
What is the thousands digit of 2840116040?
6
What is the hundred thousands digit of 7570061?
5
What is the millions digit of 46365801?
6
What is the units digit of 548545866?
6
What is the millions digit of 48480943?
8
What is the hundred thousands digit of 323967741?
9
What is the ten thousands digit of 884069627?
6
What is the tens digit of 430825612?
1
What is the hundreds digit of 3630878636?
6
What is the units digit of 1571718283?
3
What is the hundred thousands digit of 1753947190?
9
What is the units digit of 437317196?
6
What is the tens digit of 190803485?
8
What is the units digit of 583419599?
9
What is the millions digit of 49758776?
9
What is the ten thousands digit of 86947964?
4
What is the hundred millions digit of 668941917?
6
What is the millions digit of 1056205035?
6
What is the millions digit of 931096003?
1
What is the ten millions digit of 266763911?
6
What is the hundred millions digit of 116302528?
1
What is the thousands digit of 34059307?
9
What is the ten millions digit of 918366584?
1
What is the hundreds digit of 41367091?
0
What is the hundreds digit of 3408425527?
5
What is the hundreds digit of 131160215?
2
What is the ten millions digit of 26860909?
2
What is the ten millions digit of 2863283560?
6
What is the hundred millions digit of 428225572?
4
What is the tens digit of 8157998116?
1
What is the units digit of 911303575?
5
What is the millions digit of 55452842?
5
What is the thousands digit of 2730774997?
4
What is the billions digit of 1610038308?
1
What is the ten millions digit of 66637468?
6
What is the units digit of 101203249?
9
What is the ten millions digit of 1048558895?
4
What is the ten millions digit of 73020683?
7
What is the millions digit of 1339109603?
9
What is the ten millions digit of 171587248?
7
What is the thousands digit of 225362715?
2
What is the hundreds digit of 522527984?
9
What is the units digit of 284264220?
0
What is the tens digit of 3025866743?
4
What is the ten millions digit of 1445893254?
4
What is the hundred millions digit of 3840117090?
8
What is the hundreds digit of 603774620?
6
What is the units digit of 172797274?
4
What is the ten thousands digit of 37927593?
2
What is the hundreds digit of 304765704?
7
What is the millions digit of 3840214517?
0
What is the hundreds digit of 127649019?
0
What is the thousands digit of 47418702?
8
What is the millions digit of 6873797038?
3
What is the units digit of 73823476?
6
What is the tens digit of 1789073800?
0
What is the ten thousands digit of 89172876?
7
What is the ten millions digit of 87059699?
8
What is the tens digit of 1409720440?
4
What is the hundred millions digit of 646249006?
6
What is the h